{"version":"1.0","provider_name":"Rouven K\u00f6tter","provider_url":"https:\/\/rouvenkoetter.de","author_name":"Rouven K\u00f6tter","author_url":"https:\/\/rouvenkoetter.de\/index.php\/author\/koetter\/","title":"Rhein-Main-SPD blickt in die Wetterau","type":"rich","width":600,"height":338,"html":"<blockquote class=\"wp-embedded-content\" data-secret=\"qvYoi1I2Mo\"><a href=\"https:\/\/rouvenkoetter.de\/index.php\/2023\/09\/30\/rhein-main-spd-blickt-in-die-wetterau\/\">Rhein-Main-SPD blickt in die Wetterau<\/a><\/blockquote><iframe sandbox=\"allow-scripts\" security=\"restricted\" src=\"https:\/\/rouvenkoetter.de\/index.php\/2023\/09\/30\/rhein-main-spd-blickt-in-die-wetterau\/embed\/#?secret=qvYoi1I2Mo\" width=\"600\" height=\"338\" title=\"&#8222;Rhein-Main-SPD blickt in die Wetterau&#8220; &#8211; Rouven K\u00f6tter\" data-secret=\"qvYoi1I2Mo\" frameborder=\"0\" marginwidth=\"0\" marginheight=\"0\" scrolling=\"no\" class=\"wp-embedded-content\"><\/iframe><script type=\"text\/javascript\">\n\/* <![CDATA[ *\/\n\/*! This file is auto-generated *\/\n!function(d,l){\"use strict\";l.querySelector&&d.addEventListener&&\"undefined\"!=typeof URL&&(d.wp=d.wp||{},d.wp.receiveEmbedMessage||(d.wp.receiveEmbedMessage=function(e){var t=e.data;if((t||t.secret||t.message||t.value)&&!\/[^a-zA-Z0-9]\/.test(t.secret)){for(var s,r,n,a=l.querySelectorAll('iframe[data-secret=\"'+t.secret+'\"]'),o=l.querySelectorAll('blockquote[data-secret=\"'+t.secret+'\"]'),c=new RegExp(\"^https?:$\",\"i\"),i=0;i<o.length;i++)o[i].style.display=\"none\";for(i=0;i<a.length;i++)s=a[i],e.source===s.contentWindow&&(s.removeAttribute(\"style\"),\"height\"===t.message?(1e3<(r=parseInt(t.value,10))?r=1e3:~~r<200&&(r=200),s.height=r):\"link\"===t.message&&(r=new URL(s.getAttribute(\"src\")),n=new URL(t.value),c.test(n.protocol))&&n.host===r.host&&l.activeElement===s&&(d.top.location.href=t.value))}},d.addEventListener(\"message\",d.wp.receiveEmbedMessage,!1),l.addEventListener(\"DOMContentLoaded\",function(){for(var e,t,s=l.querySelectorAll(\"iframe.wp-embedded-content\"),r=0;r<s.length;r++)(t=(e=s[r]).getAttribute(\"data-secret\"))||(t=Math.random().toString(36).substring(2,12),e.src+=\"#?secret=\"+t,e.setAttribute(\"data-secret\",t)),e.contentWindow.postMessage({message:\"ready\",secret:t},\"*\")},!1)))}(window,document);\n\/* ]]> *\/\n<\/script>\n","thumbnail_url":"https:\/\/rouvenkoetter.de\/wp-content\/uploads\/2023\/09\/IMG_2391-1024x857.jpeg","thumbnail_width":1024,"thumbnail_height":857,"description":"Exkursion in die Wetterau: Mobilit\u00e4t und urbaner Wohnungsbau Informationsfahrt der SPD-Regionalpolitiker nach Bad Vilbel und Karben Im Rahmen einer Exkursion haben sich Mitglieder der beiden Regionalparlamente aus den Reihen SPD \u00fcber das Mobilit\u00e4tskonzept der Stadt Bad Vilbel und Wohnbauprojekte der Stadt Karben informiert.&nbsp; Am S\u00fcdbahnhof Bad Vilbel stand die Verflechtung verschiedener Verkehrstr\u00e4ger im Mittelpunkt der [&hellip;]"}

Rouven Kötter

<blockquote class="wp-embedded-content" data-secret="qvYoi1I2Mo"><a href="https://rouvenkoetter.de/index.php/2023/09/30/rhein-main-spd-blickt-in-die-wetterau/">Rhein-Main-SPD blickt in die Wetterau</a></blockquote><iframe sandbox="allow-scripts" security="restricted" src="https://rouvenkoetter.de/index.php/2023/09/30/rhein-main-spd-blickt-in-die-wetterau/embed/#?secret=qvYoi1I2Mo" width="600" height="338" title="&#8222;Rhein-Main-SPD blickt in die Wetterau&#8220; &#8211; Rouven Kötter" data-secret="qvYoi1I2Mo" frameborder="0" marginwidth="0" marginheight="0" scrolling="no" class="wp-embedded-content"></iframe><script type="text/javascript">
/* <![CDATA[ */
/*! This file is auto-generated */
!function(d,l){"use strict";l.querySelector&&d.addEventListener&&"undefined"!=typeof URL&&(d.wp=d.wp||{},d.wp.receiveEmbedMessage||(d.wp.receiveEmbedMessage=function(e){var t=e.data;if((t||t.secret||t.message||t.value)&&!/[^a-zA-Z0-9]/.test(t.secret)){for(var s,r,n,a=l.querySelectorAll('iframe[data-secret="'+t.secret+'"]'),o=l.querySelectorAll('blockquote[data-secret="'+t.secret+'"]'),c=new RegExp("^https?:$","i"),i=0;i<o.length;i++)o[i].style.display="none";for(i=0;i<a.length;i++)s=a[i],e.source===s.contentWindow&&(s.removeAttribute("style"),"height"===t.message?(1e3<(r=parseInt(t.value,10))?r=1e3:~~r<200&&(r=200),s.height=r):"link"===t.message&&(r=new URL(s.getAttribute("src")),n=new URL(t.value),c.test(n.protocol))&&n.host===r.host&&l.activeElement===s&&(d.top.location.href=t.value))}},d.addEventListener("message",d.wp.receiveEmbedMessage,!1),l.addEventListener("DOMContentLoaded",function(){for(var e,t,s=l.querySelectorAll("iframe.wp-embedded-content"),r=0;r<s.length;r++)(t=(e=s[r]).getAttribute("data-secret"))||(t=Math.random().toString(36).substring(2,12),e.src+="#?secret="+t,e.setAttribute("data-secret",t)),e.contentWindow.postMessage({message:"ready",secret:t},"*")},!1)))}(window,document);
/* ]]> */
</script>

Exkursion in die Wetterau: Mobilität und urbaner Wohnungsbau Informationsfahrt der SPD-Regionalpolitiker nach Bad Vilbel und Karben Im Rahmen einer Exkursion haben sich Mitglieder der beiden Regionalparlamente aus den Reihen SPD über das Mobilitätskonzept der Stadt Bad Vilbel und Wohnbauprojekte der Stadt Karben informiert.&nbsp; Am Südbahnhof Bad Vilbel stand die Verflechtung verschiedener Verkehrsträger im Mittelpunkt der [&hellip;]
